o(a). What is the units digit of f(-7)?
2
Let h(t) = 302*t + 498. What is the units digit of h(3)?
4
Let d = 6365 + -3910. What is the hundreds digit of d?
4
Let p be (-1)/(-2 + 174/88). Let s = p - -1. What is the units digit of s?
5
Let g(v) = -v. Let j be g(-5). Suppose -j*m = 17 - 67. Let o = m - 8. What is the units digit of o?
2
Let y(m) be the second derivative of m**6/360 - m**5/40 + m**4/6 - m**3/6 + 4*m. Let o(i) be the second derivative of y(i). What is the units digit of o(3)?
4
Let y = 32 + -27. Let h(p) = -p**2 + 6*p - 1. What is the units digit of h(y)?
4
Let d = 66 + -43. Suppose 5*g + d = 3*c, -4*g + 23 = 4*c - 3*g. What is the units digit of (-80)/(-7) - c/14?
1
Let y = 1801 + -1477. What is the tens digit of y?
2
Let v(h) = 89*h - 2. Let r = 92 + -91. What is the tens digit of v(r)?
8
Suppose -3*b + y = -2535, y + 438 = -b + 1283. What is the units digit of b?
5
Let d be ((-6)/10)/(5/(-25)). Suppose -2*z - d*z = -25. Suppose 0*w + 2*w = z*a + 19, 45 = 3*w - 2*a. What is the units digit of w?
7
Suppose -5*z + 202 = -693. What is the hundreds digit of z + (-3 - -1 - 3)?
1
Suppose n - 3*n + 0*n = 0. Suppose n = 5*a + 2*i - 213 - 334, 4*a - 439 = -3*i. What is the units digit of a?
9
Suppose 2*w + 3*s + 2 = 0, -4*s - 2 = -3*s. Suppose -5*x + w*x = -12. Suppose x*z - 59 - 9 = 0. What is the units digit of z?
7
Let o = -19 - -10. Let h = o + -1. What is the tens digit of 444/15 - 4/h?
3
Suppose -84*z = -100*z + 304. What is the units digit of z?
9
Let u be ((-2)/6)/(7/105). Let c be (-8)/20 + (-187)/u. Suppose 2*s = -2*d + 4*d - 24, -4*s + c = d. What is the tens digit of d?
1
Let c(f) = -f**3 + 25*f**2 - 58*f + 80. What is the tens digit of c(22)?
5
Suppose -20*f + 17*f = 30. What is the units digit of (f/25*1)/(2/(-710))?
2
What is the tens digit of 902/4*5*22/55?
5
Let t = 803 - 437. What is the units digit of t?
6
What is the units digit of ((-10300)/150)/(1/(-24))?
8
Let w = -501 + 792. What is the tens digit of w?
9
Let a = 32 + -30. Suppose -4*d = -20, 0 = 2*c - 3*c + d. Suppose -3*p + 4*y + 80 = -a*p, c*y = -3*p + 189. What is the units digit of p?
8
Let x(f) = 2*f - 9. Let q be x(5). Suppose 2*k - q = 3. What is the units digit of (-590)/(-18) + k/9?
3
Let p(s) = 26*s + 3. Let r be p(3). Let l(m) = -2*m**3 - 24*m**2 + 11*m - 59. Let n be l(-13). Let o = n - r. What is the tens digit of o?
5
Let i(b) = 326*b - 304. What is the hundreds digit of i(11)?
2
Let h be (-1 + (3 - -31))*16. Suppose 3*q - h = -q. Suppose -5*g + n + 3*n + 161 = 0, -4*g = -4*n - q. What is the tens digit of g?
2
What is the units digit of (-582)/(-4 - 2/(-4)*6)?
2
Suppose -15*k + 1899 = -4806. What is the hundreds digit of k?
4
Let m = 10 - 6. Let f = 41 - 37. Suppose -m = f*z, 257 = 5*i + 4*z - 39. What is the tens digit of i?
6
Suppose l + 17 = 5*z, -l + 2*l = 3*z - 11. Suppose 2*w = -2*o + 2, -4*w + z*o - 2*o + 29 = 0. What is the units digit of w?
6
Let v = -202 + 261. What is the units digit of v?
9
Let u = 150 - -22. What is the hundreds digit of u?
1
Let b(c) be the second derivative of 2*c + 0 - 5/6*c**3 - 8*c**2. What is the tens digit of b(-9)?
2
Let k = -140 - -244. Let l = k + -25. Let d = -45 + l. What is the tens digit of d?
3
Let u(o) = 9*o - 12. Suppose -3*r + 4*l - 4 = -r, -r + 3*l - 6 = 0. What is the units digit of u(r)?
2
Suppose -5*z = -8*h + 3*h - 11690, -3*z + 7026 = h. What is the hundreds digit of z?
3
Suppose 33*h + 1614 = 36*h. What is the hundreds digit of h?
5
What is the hundreds digit of 837 + 1/((-5)/(-35))?
8
Suppose -5*n - 2*k + 836 = 0, -28*k + 25*k + 341 = 2*n. What is the tens digit of n?
6
Let a(l) = 436*l**2 + 5*l - 5. What is the tens digit of a(1)?
3
Let r = 5 + -1. Suppose -2*u + 3*h = r*h - 144, 3*u + h - 217 = 0. What is the tens digit of u?
7
Let t be 2 - (1 + 34)/(-5). Suppose -5*c = -5*r - 45, -4*c + t*c = -4*r. What is the units digit of 23/(1/4*c)?
3
Suppose -b = -k - 144, -4*b - 5*k + 109 = -422. Let f = b + -71. What is the units digit of f?
8
Suppose a - 5*d = 5*a - 1628, -d - 398 = -a. Suppose 71 + a = 11*y. What is the tens digit of y?
4
Let m be (-1)/((-2)/42)*(-342)/(-21). What is the hundreds digit of (m/(-45))/(2/(-60))?
2
Let a(q) = -8*q - 98. What is the tens digit of a(-21)?
7
Let y be (-24)/(-9)*9/4. Suppose 0 = -51*w + 50*w + 6. Suppose -y = -3*c + w. What is the units digit of c?
4
Let l(f) be the first derivative of 3/2*f**2 + 44/3*f**3 + 2*f - 6. What is the units digit of l(-1)?
3
Let a(g) = -2*g**3 - 5*g**2 - 8. Let d(s) = 4*s**3 + 12*s**2 + 18. Let l(i) = -9*a(i) - 4*d(i). Suppose 0 = -2*y - 3 + 9. What is the tens digit of l(y)?
2
Let f = 33 + 80. What is the units digit of f?
3
Let j(f) = -f**3 + f**2 - 5*f + 7. Let u be j(-5). Let b = -65 + u. What is the tens digit of b?
1
Suppose -3740 = 8*p - 10324. What is the hundreds digit of p?
8
Let r = -10 + 16. Let t(h) = -r*h + 2 + 8*h**2 - 3*h**2 + 2*h. What is the units digit of t(2)?
4
Let x = -2540 - -3728. What is the units digit of x?
8
Suppose 2*k = -2*r - 0*r, -3*k - 12 = 0. Suppose 5*c = r*c + 216. Suppose -f = -5*f + c. What is the tens digit of f?
5
Suppose -12*x + 4 = -14*x. What is the tens digit of 860/30*x/(-4)*18?
5
What is the thousands digit of (-20 - -7) + 5 + 1262?
1
Suppose -3*w = 5*u + 13, 2*w + 4*u - 1 + 13 = 0. Suppose 4*b + 10 = 5*i, -w*b + b = -4*i + 8. What is the units digit of i?
2
Suppose -3*z + 6*z = -15. Let v = 14 + z. Suppose 0 = 4*r - r - v. What is the units digit of r?
3
Let d(a) = -25*a + 383. What is the tens digit of d(-14)?
3
Suppose -4 = -3*x + 2*y - 26, -5*y = 5. Let o be (x/(-16))/((-1)/2). What is the units digit of -1*22*o/2?
1
Suppose 4*d + 0*d = -16. What is the units digit of (-22)/(-88) - 531/d?
3
What is the units digit of (-56550)/(-125) - 9/(-15)?
3
Let f(q) = 7*q**3 + 27*q**2 - 109*q - 6. What is the hundreds digit of f(5)?
9
Let l = -12 - -16. Suppose 0 = -2*c - 6, 10 = -2*t - 0*t - l*c. Let u = 3 + t. What is the units digit of u?
4
Let d(f) = -f**3 - 22*f**2 + 3. Let y be d(-22). Let w(p) = 4*p**3 + 2*p**2 - p - 7. What is the units digit of w(y)?
6
Suppose 0 = 2*m - 10*m + 16. Suppose -4*t + 125 = 4*d - 471, 443 = 3*t + m*d. What is the units digit of t?
5
Suppose -b = -3*k + 1734, -17*b + 15*b + 571 = k. What is the units digit of k?
7
Let t(i) = -i**2 + 8*i - 9. Let r be t(6). Suppose -r*l = l. Suppose l*o - o = -4*v + 35, 5*o = -15. What is the units digit of v?
8
Let h = -15 + 36. Let x = h + -8. What is the units digit of x?
3
Suppose -5*v - 835 - 16 = 4*c, -510 = 3*v + 3*c. What is the tens digit of (1/((-1)/18))/(38/v)?
8
Let j(s) = 2*s + 2. Let n(u) = 10*u - 2. Let v be n(1). Let i be j(v). Suppose -d - d + i = 0. What is the units digit of d?
9
Suppose -v = 45*w - 42*w - 7151, 0 = 3*v + 12. What is the hundreds digit of w?
3
Let k(i) = -11*i + 12. Let m be k(5). What is the tens digit of (-48)/20 + 6/15 - m?
4
Let p(f) = -40*f**2 + 2*f - 1. Let r be p(1). Let x = 74 + r. What is the units digit of x?
5
Let b(h) be the first derivative of h**3/3 - h**2/2 + h - 2. What is the units digit of b(-2)?
7
Let j(n) = n**3 + 38*n**2 + 72*n - 127. What is the hundreds digit of j(-33)?
9
Let m = 37 + -34. Suppose 3*s - 25 = -4*f, 5*f = s + m*s - 54. What is the tens digit of s?
1
Let s = -544 + 1426. What is the tens digit of s?
8
Suppose 0 = -29*n + 58*n - 139490. What is the units digit of n?
0
Suppose 3*r + 4*i + 0*i - 2192 = 0, 4*r - 2928 = -4*i. What is the units digit of r?
6
Let s = 1 + 41. Suppose 7 = 5*k - 18. Suppose -5*b - 5*i - 7 = -s, 0 = 3*b + k*i - 31. What is the units digit of b?
2
Let t be -1*(-3 + 3)*(-5 - -6). Suppose 3*h + 2*w - 31 = 0, 2*h - w - 30 = -t*w. What is the units digit of h?
3
Let f(d) = d**2 - 3*d - 9. Let t be f(7). Let r = -19 + t. What is the units digit of (2 - 15)/(-1 - r)?
3
Let s = -1471 - -2657. What is the tens digit of s?
8
Let c be 2/3 - (-944)/(-12). Let r = -47 - c. What is the tens digit of r?
3
Let v(c) = 2*c**3 - 33*c**2 + 25*c + 22. What is the thousands digit of v(18)?
1
Let i(x) = 6*x**2 + 22*x**3 + 2*x - 2 - 5 - 21*x**3. Let u be i(-5). Suppose 5*r = -u + 103. What is the tens digit of r?
1
Suppose 8*s = 9*s - 152. Suppose s = 3*c - 82. Suppose 5*q = b + 92 + c, 2*b = -10. What is the tens digit of q?
3
Let a = 3 + 2. Let g